).
7
Suppose 138*n - 158*n + 60 = 0. Let y(u) = u**3 - u**2 - 8*u + 14. Calculate y(n).
8
Let t(z) = -z**2 - 3. Let j(m) = m**2 + 3. Let n(h) = 4*j(h) + 3*t(h). Suppose 3*p + 13*u - 14*u = -9, 0 = -p + 5*u - 3. What is n(p)?
12
Suppose -546 - 559 = -17*g. Let s = g - 72. Let i(p) = p**3 + 8*p**2 + 7*p - 2. Determine i(s).
-2
Suppose 70 = -24*g + 790. Let l(u) = u**2 - 28*u - 42. What is l(g)?
18
Suppose -3*k - 16 = -31*j + 36*j, -1 = 3*k + 2*j. Let v(w) = -4*w + w**2 + 0 + 1 + 1. What is v(k)?
-1
Let d(j) = -3799 + 2*j**2 + 4*j**2 + 7585 - 3780 + 67*j. What is d(-11)?
-5
Suppose 14 = 5*l - 3*l. Let v(g) be the third derivative of g**5/30 - 3*g**4/8 - 5*g**3/3 - 4665*g**2. What is v(l)?
25
Let z(d) = -d**2 - 8*d - 6. Suppose 4 = -7*q + 18. Let f be (0 + -2)/((-192)/(-98) - q). Let b = -54 + f. What is z(b)?
9
Let q(t) = t**2 + 4*t - 2. Let r(a) = 5*a - 20. Let b(g) = -12*g + 41. Let i(w) = 2*b(w) + 5*r(w). Let l be 3*(2 - (-21)/9). Let u be i(l). Determine q(u).
3
Suppose 2*v = -o + 71 - 59, o - 7 = -v. Let n(q) = -3*q**2 + 10*q + 15. Calculate n(v).
-10
Let q(k) = 168*k - 42*k - 38*k - 99*k. Determine q(-6).
66
Let f(s) = 2 + 2*s - s**3 - 1 + 12*s**2 - 4*s**2 - 8. Suppose -n + 59*n = 464. Calculate f(n).
9
Let s(k) = 9*k + 51. Suppose 3221*r + 5 = 3220*r. Give s(r).
6
Let f = 112 + -104. Suppose 20*n = f*n + 48. Let r(t) = 28*t**2 - t**3 - 23*t**2 - 2*t + 3*t + 3. Give r(n).
23
Suppose -2*u - 5*x + 17 = 25, x = -10*u - 88. Let a(o) be the third derivative of -o**5/60 - o**4/2 - 5*o**3/3 - o**2. What is a(u)?
17
Let m(d) = 4*d + 14 + 14 + 16 - 55 + 10*d. Calculate m(2).
17
Let m(n) = -1 + 3*n + 0 - 1. Let c be 3 + -19 + 1*4 - 372/(-62). What is m(c)?
-20
Let c(f) = 2 + f - 5 + 2 + 0*f. Let h be -9 - (-10 + 13 + -17). Give c(h).
4
Suppose 0 = 3*f - 12, 37 = 3*d + 5*f + 11. Let h be d - 3/9*-3. Let c be (h - 32/12)/(4/24). Let o(g) = -g**3 + 2*g**2 - 3*g + 1. What is o(c)?
-5
Let a(v) = v**3 + 6*v**2 + 7*v. Let t(y) = y - 11. Let u be t(19). Suppose 4*d + 2 = -k, -5*k + k - u = 0. Let n be d + 7/(7/(-5)). Give a(n).
-10
Let n(a) = 2*a**3 + 2*a**2 + 3*a + 3. Let w = -104 + -48. Let l = w - -150. Calculate n(l).
-11
Let q = -10 - -5. Let f(u) be the third derivative of 169*u**2 + 0 - 1/2*u**3 + 1/60*u**5 + u + 1/12*u**4. Give f(q).
12
Let y(i) = 2*i**3 - 2*i**3 - 11*i - i**3 - 13 - 11*i**2. Suppose 0 = 140*l + 26 + 1374. Give y(l).
-3
Let g(m) = m**2 - 4*m - 13. Let u be -326 + (18 + -6)/6. Let r = u + 330. Calculate g(r).
-1
Let o(a) = 2*a + 53. Let l = 7086 + -7102. What is o(l)?
21
Let g(n) = -5*n - 10. Let o(z) = 6*z + 11. Let k(r) = -5*g(r) - 4*o(r). Suppose -5*l + 63 = -2. Let t be 28/10*((-390)/(-12))/l. Give k(t).
13
Let f(g) = -4*g - 31. Let l = 3414 + -3404. Calculate f(l).
-71
Suppose -g + 14 + 26 = -4*c, 4*g - 100 = 4*c. Let b(s) = g*s - 17*s + 6*s - 1. Give b(-1).
-10
Let g(r) be the second derivative of -r**5/20 + 3*r**4/4 - 7*r**3/6 + 5*r**2/2 - r - 375. Let h be (-16)/3*(-3)/2. Give g(h).
13
Let c(w) = -5*w**3 - 8*w**2 + 17*w + 6. Let q(g) = 11*g**3 + 17*g**2 - 36*g - 11. Let i(b) = 9*c(b) + 4*q(b). What is i(-6)?
28
Let v be (-6 - 52/(-12))*(-5 - -2). Let u(x) = 2*x**3 - 6*x**2 + 10. Calculate u(v).
110
Let u(v) = -2*v - 7. Let s be 9 + (1 - 10) - (1 - 5). Suppose 2*c = -3*c - s*w + 17, -3*w + 4 = 2*c. Determine u(c).
-17
Suppose x = 8*o - 4*o + 13, 4*o = -2*x + 50. Let i(l) = 2*l + 22*l - x*l. Suppose -10 = 2*d - 12. Calculate i(d).
3
Let c(k) = 3*k + 10. Let w = -389 + 548. Suppose -165*n = -w*n + 36. Determine c(n).
-8
Let n(q) be the second derivative of q**3 + 2*q**2 - 2*q - 586. Suppose -h - j + 1 = 0, 5*h + 4 = h - 2*j. What is n(h)?
-14
Let t(c) be the third derivative of c**4/8 - 5*c**3/2 - 6434*c**2. Calculate t(4).
-3
Let v(r) = -14 - 29*r**2 + 21*r**2 - 3*r**3 - 9*r**3 + 11*r**3 + 31*r - 18. What is v(-11)?
-10
Let t(p) be the second derivative of p**7/840 - p**6/144 + p**5/60 - 13*p**4/4 + 25*p. Let n(h) be the third derivative of t(h). Let m = -9 - -12. What is n(m)?
14
Let z(q) be the first derivative of q**3/3 - 8*q**2 - q + 1291. Determine z(13).
-40
Let q be (63/3)/(8/((-3040)/15)). Let v = q - -527. Let b(o) = o**2 + 7*o + 11. Calculate b(v).
1
Let v be ((-10)/8)/(6/(-24)). Let a(z) = 6 - z - 1 - v - 4. Let c = -30 + 25. Determine a(c).
1
Let o(g) = -g**3 - 7*g**2 + 6*g - 11. Let y be 15/3 - (-404 + -6)/(-2). Let p be 0/2 - y/(-25). Calculate o(p).
5
Let p(s) = -15 - 13 + 6 - s**2 - s. Let r(o) = -2*o - 2*o + 174 + 18. Let k be r(48). What is p(k)?
-22
Suppose 28*y - 240 = 572. Suppose y - 41 = 4*p. Let x(g) = -g**3 - 5*g**2 - 2*g + 6. Determine x(p).
-6
Let j(m) = 4*m - 30. Let n(k) = -k**2 - 21*k - 81. Let p be n(-6). What is j(p)?
6
Let y(b) = 473022*b**2 + 9*b - 236510*b**2 - 7 + 2*b - 236513*b**2. Let k = 28 - 18. What is y(k)?
3
Let s(i) = 11*i**3 - 2*i**2 + 3*i - 9. Let b be (-1)/((-7)/((-28)/4)). Let t(j) = -2*j**3 + j**2 + 2. Let f(r) = b*s(r) - 5*t(r). Give f(-2).
1
Suppose 7*t - 372 = -134. Let o(u) = -u**3 + 33*u**2 + 30*u + 129. Give o(t).
-7
Let y(f) = f**2 + 4*f + 58. Let b(k) = -3*k**2 - 5*k. Let s(t) = -b(t) - y(t). Calculate s(-6).
8
Let w = -4/443 + 523/8860. Let z(d) be the second derivative of 1/6*d**3 + w*d**5 + 0 - 10*d - 3/2*d**2 + 1/12*d**4. Calculate z(0).
-3
Let i be 8/(-6)*-6 + -3. Let m(t) = -196*t - 6. Let z(d) = -359*d - 13. Let f(q) = -11*m(q) + 6*z(q). What is f(i)?
-2
Let h = 240 - 238. Let m(v) = -h*v - 3*v**2 - v**3 - 3 + 4 + 10*v**2 - 6*v**2 - 9*v**2. Give m(-7).
-34
Suppose 8*d = -3374 + 3286. Let j(k) = -k + 5. Let x be j(-6). Let c = x + d. Let i(u) = -u - 8. Give i(c).
-8
Let p(n) = n**2 - 2*n + 22 - 21 + 11*n. Let m(h) = -h**3 + h**2 + 3*h - 5. Let v be m(2). Let k be (-6 - (0 + v))*3. What is p(k)?
1
Suppose 5*p - 3*a = 16, -3*p - 8*a = -4*a - 27. Suppose -2*d - 5*k - 11 = 0, d - p*k = -0*k + 17. Let t(c) = -9 + 6 - 2*c**d + 0 + 4 - 2*c. Calculate t(-4).
-23
Let d(r) = -3*r**3 + 6*r**2 - 12*r - 14. Let p(c) = 7*c**3 - 11*c**2 + 24*c + 36. Let v(a) = 5*d(a) + 2*p(a). Determine v(6).
2
Let g(q) = -7*q**3 + 54*q**2 - 8*q - 39. Let m(s) = -10*s**3 + 78*s**2 - 12*s - 58. Let f(u) = 7*g(u) - 5*m(u). Calculate f(12).
65
Let f(r) = r**3 - 13*r**2 + 10*r - 24. Let w(l) = -l**2 + l - 2. Let j(g) = f(g) - 5*w(g). What is j(7)?
-28
Let m(b) be the third derivative of b**6/120 - b**5/10 - b**3/6 - 7426*b**2. Suppose 2*k - 12 = 4*x, 0*x = 3*k + x - 18. What is m(k)?
-1
Let x(m) be the third derivative of -m**4/12 - m**3 + 19*m**2 + 10*m. Calculate x(10).
-26
Let h = 23 + -21. Let i(g) = h*g - g + 7 - 3 - 3*g. Let t = -350 + 346. Calculate i(t).
12
Let j(u) be the first derivative of -u**4/2 + u**3 + u**2/2 - u - 1266. Calculate j(3).
-25
Suppose q - 584 = -5*n, 5*n = n - q + 468. Let t = n + -107. Let k(w) = -3 + 2*w**2 - w**3 + 0*w**3 + 7*w**2. Determine k(t).
-3
Let q(o) = -o**2 - 6*o - 18. Let v = -7160 - -7160. Calculate q(v).
-18
Let f(u) = -u**3 - 4*u**2 + 2*u - 6. Let y(x) = -x**3 - 5*x**2 + 2*x - 7. Let g(m) = 5*f(m) - 4*y(m). What is g(2)?
-6
Let m(f) = 2*f**3 + f**2 - 2*f + 1. Suppose -5*x + 7745 = -2*y, -3*y - 924 + 4022 = 2*x. Suppose 5*o = 1539 - x. Calculate m(o).
-7
Let o = -556 + 542. Let s be (o/10)/(19/5 - 4). Let w(q) = q - 5. Determine w(s).
2
Let l(y) be the second derivative of -y**5/20 - 5*y**4/12 + y**3/2 - 3*y**2 + 1422*y + 2. What is l(-6)?
12
Let c(r) = 5*r**2 + 23*r + 5. Let q(z) = 58*z + 111. Let l be q(-2). What is c(l)?
15
Let c(z) = 1387*z**2 - 17*z - 2777*z**2 - 2 + 1394*z**2. Give c(4).
-6
Let m(j) = -5*j**2 + 2*j. Let k(g) = -g**2 - g + 1. Let n(t) = -4*k(t) + m(t). Let h = -5414 - -5420. Give n(h).
-4
Let w be 262/38 - (-278)/2641. Let s(m) = 2*m + 7. Let k(c) = -3*c - 7. Let f(t) = 3*k(t) + 4*s(t). Calculate f(w).
0
Let l(q) be the first derivative of -3*q**2/2 + 153*q + 777. Determine l(51).
0
Let g(z) = -z**3 + 12 - 25 - 6*z + 10 + 12 + 7*z - 13*z**2 - 12*z. Let s be (3/(-2))/(2/16). Determine g(s).
-3
Let d(t) = -7*t + 19. Let n be d(0). Let k(a) = n*a + 8*a - a + 12*a. What is k(1)?
38
Let l(c) = -41*c - 3 + 99*c - 11 - 18*c - 42*c. Determine l(-5).
-4
Let q(p) be the first derivative of -3*p**4/4 + 2*p**3/3 + 7*p**2/2 - 11*p + 4619. Determine q(2).
-13
Let j(n) be the third derivative of 7*n**6/60 - n**5/30 - n**4/8 - n**3/3 - n**2 - 791.